 + 0. Suppose -3*f + i - 6 = 0. What are the prime factors of f?
2, 7
Let a be 2 + (5 - 1 - 2). Suppose 4*i + 71 = 5*z, 0 = -z + 3*i + 16 - a. What are the prime factors of z?
3, 5
Let p be (-16)/(-6)*(-18)/(-24). Let n be 8 + -1 + 0 + 0. Let m = p + n. List the prime factors of m.
3
Let m(d) = -9*d + 184. What are the prime factors of m(0)?
2, 23
Let g(f) = -f**3 + 6*f**2 + f - 6. Let b be g(6). Let c be (b + 0)/(-2 + 3). Suppose 12 = 4*l - c. List the prime factors of l.
3
Let z = -9 - -33. Suppose 0 = -3*s + c + z + 13, -5*c + 95 = 5*s. What are the prime factors of s?
2, 7
Let k = 278 + -60. What are the prime factors of k?
2, 109
Suppose -3*u = -0*u - 15. Suppose u*r + 128 = -2. List the prime factors of r*2/(2*-2).
13
Let a = 23 + -13. What are the prime factors of a?
2, 5
Let k = -1 - 5. List the prime factors of ((-12)/18)/(1/k).
2
Suppose 3*x = l + 3, 4*l - 5 = -l + 5*x. Suppose 210 = -o + 3*o. Suppose l*c + 2*c - o = 0. List the prime factors of c.
3, 7
Let p = 80 - 57. What are the prime factors of p?
23
Let u = -27 - -11. Let v = 10 - u. What are the prime factors of v?
2, 13
Let v be -1*1/((-3)/90). Suppose v = 2*t + c, -2*t + 22 = -2*c + c. What are the prime factors of t?
13
Suppose 0 = -2*i - 2*i. Suppose -5*z - 2 + 22 = i. Suppose -4*a = 5*o - 7, z*a + 2 = 4*o - 18. What are the prime factors of o?
3
Suppose x + 14 = 2*x - c, 4*c - 77 = -3*x. Let p = 2 + x. List the prime factors of p.
3, 7
Suppose -2*w + 8 = 0, -k = 2*w + 2*w - 236. What are the prime factors of k?
2, 5, 11
Suppose -n - 2*w = 3*w + 4, -w - 5 = 0. Suppose -5*r + 37 = 3*f - n, 4*r - 40 = -4*f. List the prime factors of r.
2, 7
Suppose -q = 3*q + 116. Let c = -13 - q. What are the prime factors of c?
2
Let l be 87/6 + 1/2. Suppose -7*t = -2*t - l. Let s(r) = r**2 + 3*r - 4. What are the prime factors of s(t)?
2, 7
Let m(x) = -x**2 + 5*x + 4. Suppose 2*f + 3*q - 8 = 0, 2*q + 12 = f + 2*f. What are the prime factors of m(f)?
2
What are the prime factors of 83/9 - (-6)/(-27)?
3
Let l = 82 + -7. List the prime factors of l.
3, 5
Suppose 4*y + j = 23, -5*j - 46 = -3*y - 0*y. Let d = y - 5. What are the prime factors of (-52)/(-8) - (-3)/d?
2
Let a = -4 - -20. Let o = a + 0. What are the prime factors of o?
2
Suppose -3*o + u - 150 = 0, 5*o + 4*u + 219 + 31 = 0. Let i = -2 - o. List the prime factors of i.
2, 3
Let m = -35 - -79. Suppose 3*y - y = m. What are the prime factors of y?
2, 11
Let r be 1 + -1 - (-8 - -1). Let b = 4 - r. Let y = 5 - b. List the prime factors of y.
2
Let w = 85 - 34. Suppose 4*y - w = y. List the prime factors of y.
17
Suppose -8*o = -4*o - 40. What are the prime factors of o?
2, 5
Let s(h) = h**3 - 14*h**2 + 13*h + 21. What are the prime factors of s(13)?
3, 7
Suppose -4*l + 32 = -l - h, 0 = 2*l - h - 23. Let w(z) = -z**2 + 9*z + 11. What are the prime factors of w(l)?
11
Let s(l) = l**3 + 10*l**2 - 2*l - 14. Let d be s(-10). Let k be (0 + 3/d)*8. Suppose -5*q - k*m + 43 = -0*m, -36 = -4*q - 4*m. List the prime factors of q.
7
Let q(x) = x**3 - 4*x - 3*x + 0*x**2 - 7*x**2 + 10 + x**2. What are the prime factors of q(7)?
2, 5
Let r(t) = t**2 - 11*t + 23. List the prime factors of r(13).
7
Let m be (-8)/(-6)*21/14. Suppose -m*g + 73 = -13. What are the prime factors of g?
43
Suppose 6 = -b - 6. Let s = b - -42. List the prime factors of s.
2, 3, 5
Let o(w) = -w**3 - w**2 + 3*w + 1. Let s = 2 + -5. Let d = s - 0. List the prime factors of o(d).
2, 5
Let t(c) = 2*c**2 + 5*c - 2. Let z be t(-4). Let b = z + 2. What are the prime factors of b?
2, 3
Let q be (-20)/(-5)*268/16. Let g = q + -23. List the prime factors of g.
2, 11
Let q(i) = -4*i**3 - 3*i**2 + 2. Let n be q(-2). What are the prime factors of (n/4)/((-9)/(-18))?
11
Suppose 4*m + 230 = 5*k, k - 3*m - 30 = 5. List the prime factors of k.
2, 5
Let j = -11 - -3. Let t(f) = -f**2 - 6*f - 3. Let z be t(j). Let g = -9 - z. What are the prime factors of g?
2, 5
Let c(s) = s**3 + 11*s**2 + 9*s - 8. Let v be c(-10). Let z be 4/(-3)*3/v. What are the prime factors of (z/(-3))/((-2)/(-33))?
11
What are the prime factors of (18/(-5))/(-2*(-2)/(-60))?
2, 3
Suppose -2*p - 90 = -5*s - 4*p, -3*s - p = -54. List the prime factors of s.
2, 3
Let p(v) be the third derivative of -v**4/12 + 2*v**3/3 + 2*v**2. Let r(k) = -k**3 + 6*k**2 - 5*k - 3. Let h be r(5). What are the prime factors of p(h)?
2, 5
Let u = -45 + 77. Suppose -v = -5*n + 5, 0 = 5*v - u + 7. What are the prime factors of n?
2
Let i = -6 + 72. List the prime factors of i.
2, 3, 11
Let i(a) = 13 + a + 0 - 2*a. What are the prime factors of i(0)?
13
Suppose 2*y - 3*y - 36 = -r, 2*r - 4*y - 78 = 0. List the prime factors of r.
3, 11
Let q(p) = p**3 + 5*p**2 - p - 5. List the prime factors of q(4).
3, 5
Suppose -5*t - 3*h + 491 = 0, 3*t + 3*h - 246 = 45. What are the prime factors of t?
2, 5
Let g = 11 + -7. Suppose g*y = l - 0*l + 23, 5*l + 2*y + 5 = 0. What are the prime factors of l/(2 - 14/6)?
3
Let a = 91 + -54. List the prime factors of a.
37
Suppose -3*v + 64 = 16. What are the prime factors of v?
2
Let p(b) = 5*b**3 - 2*b**2 - 7*b - 1. Let s(t) = 9*t**3 - 3*t**2 - 14*t - 1. Let i(r) = 11*p(r) - 6*s(r). What are the prime factors of i(4)?
23
Let r(y) = -7*y - 2*y + y - 2 + y. What are the prime factors of r(-2)?
2, 3
Suppose -r + 1 = 18. Let m = r - -26. List the prime factors of m.
3
Let x(l) = l**3 - 7*l**2 - l - 5. List the prime factors of x(8).
3, 17
Let l(i) = -i**3 - 5*i**2 + 7*i + 9. Let m be l(-5). Let b = -6 - m. What are the prime factors of b?
2, 5
List the prime factors of (-6)/8 + (-2255)/(-20).
2, 7
Suppose 0 = -f - 4 + 3. Let g(l) = -4 + 5 - 103*l + 196*l - 101*l. What are the prime factors of g(f)?
3
What are the prime factors of 288/2 - (5 + -8)?
3, 7
Let z(y) = y - 5. Let w be z(7). Suppose -w*c + 62 = -0*i + 4*i, -5*i - 2*c + 79 = 0. What are the prime factors of i?
17
Let h(w) = w + 1. Let v be h(3). Suppose -v*i = -5*c, -i - i + c = 0. Let l = i - -14. List the prime factors of l.
2, 7
List the prime factors of (1 - 0)*(-14 + 20).
2, 3
Suppose 0*s - 3*s + 6 = 0. Suppose -m + 4*b + 3 = -1, -s*b + 18 = 2*m. List the prime factors of (36/(-16))/((-3)/m).
2, 3
Let b(o) = -o - 6. Let d be b(-6). Let s = d + 4. Suppose s*m - 20 = 5*a, 0 = 3*m + 4*a - 25 - 21. What are the prime factors of m?
2, 5
Suppose -2*y = -14 + 4. Suppose l - 3 = 3*i - 13, 5*i - y*l - 10 = 0. List the prime factors of i.
2
Suppose -5*u + l + 375 = 0, u + 2*l - 8 = 78. What are the prime factors of u?
2, 19
Suppose -4*v - 37 = v + 2*o, 4*v = o - 40. Let x(s) = -2 - s + 1 - 3. List the prime factors of x(v).
5
Let f(u) = 12*u - 3. Let k be f(3). Let q = 49 - 27. Let h = k - q. What are the prime factors of h?
11
Suppose -s - 2*y = 4, -5*y + 50 = -2*s - 3*s. Let r(p) = p**2 + 2*p - 9. List the prime factors of r(s).
3, 13
List the prime factors of 10*6/20*4.
2, 3
Let j(s) = -s**3 - 8*s**2 - 8*s - 19. List the prime factors of j(-8).
3, 5
Let u(x) = -x**2 + 8*x + 1. Suppose 4 + 17 = 3*v. What are the prime factors of u(v)?
2
Let i(j) = -19*j. Let q(h) = -1. Let z(l) = -i(l) + q(l). Suppose -3*c + 2 = -5*y + 24, y - 1 = 4*c. List the prime factors of z(c).
2, 3
Let m be (1 - 3/6)*2. Let l be (m + 0)/((-2)/(-4)). Suppose l*r = 4*r - 22. What are the prime factors of r?
11
Let h(r) = -r + 12. Let i(f) = f**2 - 6*f - 9. Let y(q) = -2*q**3 - 3*q**2 - 3*q - 2. Let d be y(-2). Let o be i(d). List the prime factors of h(o).
5
Suppose 0 = -h + 73 + 22. Let m be ((-2)/1)/((-2)/h). Suppose 35 = -5*i + m. List the prime factors of i.
2, 3
Let x = 685 + -267. List the prime factors of x.
2, 11, 19
Suppose -3*a + 12 = -0*a. Suppose -5*b - a*s + 16 = -2*s, b + 4*s - 14 = 0. Suppose -6 = b*u, -2*c - 1 = 4*u + 1. What are the prime factors of c?
5
Let b = 3 - 2. Suppose b = -5*j + 36. Let s = -3 + j. List the prime factors of s.
2
Let p = 8 - 12. Let d = p - -3. Let f = 8 + d. List the prime factors of f.
7
Suppose 2*c - 72 = -2*o, -4*c - 3*o = 1 - 145. What are the prime factors of c?
2, 3
Let i(r) = r + 1. Let q be i(1). Suppose t + 2*m + 4 = 5*m, 0 = 5*t - 4*m - q. What are the prime factors of t?
2
Let l(q) = 2*q**2 - 28*q + 15. What are the prime factors of l(20)?
3, 5, 17
Let f be -2 + (-1)/(-1) + 5. Let d = -1 + f. Suppose -5*w + 10*w - 3*h = 27, d*w = 5*h + 